{"id":9602,"date":"2021-06-25T18:04:42","date_gmt":"2021-06-25T21:04:42","guid":{"rendered":"https:\/\/iesp.bemvindo.co\/pesquisador\/nisia-veronica-trindade-lima\/"},"modified":"2022-05-18T14:03:36","modified_gmt":"2022-05-18T17:03:36","slug":"nisia-veronica-trindade-lima","status":"publish","type":"pesquisador","link":"https:\/\/iesp.uerj.br\/en\/pesquisador\/nisia-veronica-trindade-lima\/","title":{"rendered":"N\u00edsia Ver\u00f4nica Trindade Lima"},"content":{"rendered":"<p>Graduada em Ci\u00eancias Sociais pela Universidade do Estado do Rio de janeiro, \u00e9 mestre em Ci\u00eancia Pol\u00edtica e doutora em Sociologia pelo Iuperj, atual Iesp\/Uerj. Recebeu dessa institui\u00e7\u00e3o o pr\u00eamio de melhor tese de doutorado em Sociologia, do qual resultou a publica\u00e7\u00e3o da primeira edi\u00e7\u00e3o de Um sert\u00e3o chamado Brasil (Revan\/Iuperj, 1999). O livro teve uma segunda edi\u00e7\u00e3o, revista e ampliada, em 2013 (S\u00e3o Paulo, Editora Hucitec, 2013).<\/p>\n<p>Tem experi\u00eancia em Sociologia, atuando principalmente na \u00e1rea de pensamento social no Brasil, com \u00eanfase nas rela\u00e7\u00f5es entre intelectuais e constru\u00e7\u00e3o do Estado Nacional e hist\u00f3ria do pensamento em sa\u00fade p\u00fablica. Coordenou, em colabora\u00e7\u00e3o com Angela Alonso, o GT Pensamento Social no Brasil, da Associa\u00e7\u00e3o Nacional de P\u00f3s-Gradua\u00e7\u00e3o e Pesquisa em Ci\u00eancias Sociais, de 2011 a 2012. Nessa \u00e1rea de pesquisa coordena tamb\u00e9m, em colabora\u00e7\u00e3o com Andr\u00e9 Botelho, a Biblioteca Virtual do Pensamento Social.<\/p>\n<p>\u00c9 pesquisadora da Casa de Oswaldo Cruz\/Fiocruz, desde 1987, professora do Programa de P\u00f3s-Gradua\u00e7\u00e3o em Hist\u00f3ria das Ci\u00eancias e da Sa\u00fade e professora da Uerj desde 1991. Com forte experi\u00eancia de gest\u00e3o acad\u00eamica e institucional, ocupa atualmente o cargo de Presidente da Fiocruz.<\/p>\n","protected":false},"featured_media":3941,"template":"","vincula\u00e7\u00e3o":[72],"area":[82],"cargo_diretoria":[],"blocksy_meta":{"styles_descriptor":{"styles":{"desktop":"","tablet":"","mobile":""},"google_fonts":[],"version":5}},"acf":[],"yoast_head":"<!-- This site is optimized with the Yoast SEO plugin v20.3 - https:\/\/yoast.com\/wordpress\/plugins\/seo\/ -->\n<title>N\u00edsia Ver\u00f4nica Trindade Lima - IESP<\/title>\n<meta name=\"robots\" content=\"index, follow, max-snippet:-1, max-image-preview:large, max-video-preview:-1\" \/>\n<link rel=\"canonical\" href=\"https:\/\/iesp.uerj.br\/en\/pesquisador\/nisia-veronica-trindade-lima\/\" \/>\n<meta property=\"og:locale\" content=\"en_US\" \/>\n<meta property=\"og:type\" content=\"article\" \/>\n<meta property=\"og:title\" content=\"N\u00edsia Ver\u00f4nica Trindade Lima - IESP\" \/>\n<meta property=\"og:description\" content=\"Graduada em Ci\u00eancias Sociais pela Universidade do Estado do Rio de janeiro, \u00e9 mestre em Ci\u00eancia Pol\u00edtica e doutora em Sociologia pelo Iuperj, atual Iesp\/Uerj. Recebeu dessa institui\u00e7\u00e3o o pr\u00eamio de melhor tese de doutorado em Sociologia, do qual resultou a publica\u00e7\u00e3o da primeira edi\u00e7\u00e3o de Um sert\u00e3o chamado Brasil (Revan\/Iuperj, 1999). O livro teve uma segunda edi\u00e7\u00e3o, revista e ampliada, em 2013 (S\u00e3o Paulo, Editora Hucitec, 2013). Tem experi\u00eancia em Sociologia, atuando principalmente na \u00e1rea de pensamento social no Brasil, com \u00eanfase nas rela\u00e7\u00f5es entre intelectuais e constru\u00e7\u00e3o do Estado Nacional e hist\u00f3ria do pensamento em sa\u00fade p\u00fablica. Coordenou,\u2026\" \/>\n<meta property=\"og:url\" content=\"https:\/\/iesp.uerj.br\/en\/pesquisador\/nisia-veronica-trindade-lima\/\" \/>\n<meta property=\"og:site_name\" content=\"IESP\" \/>\n<meta property=\"article:modified_time\" content=\"2022-05-18T17:03:36+00:00\" \/>\n<meta property=\"og:image\" content=\"https:\/\/iesp.uerj.br\/wp-content\/uploads\/2019\/02\/image.png\" \/>\n\t<meta property=\"og:image:width\" content=\"421\" \/>\n\t<meta property=\"og:image:height\" content=\"421\" \/>\n\t<meta property=\"og:image:type\" content=\"image\/png\" \/>\n<meta name=\"twitter:card\" content=\"summary_large_image\" \/>\n<meta name=\"twitter:label1\" content=\"Est. reading time\" \/>\n\t<meta name=\"twitter:data1\" content=\"1 minute\" \/>\n<script type=\"application\/ld+json\" class=\"yoast-schema-graph\">{\"@context\":\"https:\/\/schema.org\",\"@graph\":[{\"@type\":\"WebPage\",\"@id\":\"https:\/\/iesp.uerj.br\/en\/pesquisador\/nisia-veronica-trindade-lima\/\",\"url\":\"https:\/\/iesp.uerj.br\/en\/pesquisador\/nisia-veronica-trindade-lima\/\",\"name\":\"N\u00edsia Ver\u00f4nica Trindade Lima - IESP\",\"isPartOf\":{\"@id\":\"\/#website\"},\"datePublished\":\"2021-06-25T21:04:42+00:00\",\"dateModified\":\"2022-05-18T17:03:36+00:00\",\"breadcrumb\":{\"@id\":\"https:\/\/iesp.uerj.br\/en\/pesquisador\/nisia-veronica-trindade-lima\/#breadcrumb\"},\"inLanguage\":\"en-US\",\"potentialAction\":[{\"@type\":\"ReadAction\",\"target\":[\"https:\/\/iesp.uerj.br\/en\/pesquisador\/nisia-veronica-trindade-lima\/\"]}]},{\"@type\":\"BreadcrumbList\",\"@id\":\"https:\/\/iesp.uerj.br\/en\/pesquisador\/nisia-veronica-trindade-lima\/#breadcrumb\",\"itemListElement\":[{\"@type\":\"ListItem\",\"position\":1,\"name\":\"In\u00edcio\",\"item\":\"https:\/\/iesp.uerj.br\/en\/\"},{\"@type\":\"ListItem\",\"position\":2,\"name\":\"N\u00edsia Ver\u00f4nica Trindade Lima\"}]},{\"@type\":\"WebSite\",\"@id\":\"\/#website\",\"url\":\"\/\",\"name\":\"IESP\",\"description\":\"Instituto de Estudos Sociais e Pol\u00edticos\",\"publisher\":{\"@id\":\"\/#organization\"},\"potentialAction\":[{\"@type\":\"SearchAction\",\"target\":{\"@type\":\"EntryPoint\",\"urlTemplate\":\"\/?s={search_term_string}\"},\"query-input\":\"required name=search_term_string\"}],\"inLanguage\":\"en-US\"},{\"@type\":\"Organization\",\"@id\":\"\/#organization\",\"name\":\"IESP\",\"url\":\"\/\",\"logo\":{\"@type\":\"ImageObject\",\"inLanguage\":\"en-US\",\"@id\":\"\/#\/schema\/logo\/image\/\",\"url\":\"https:\/\/iesp.uerj.br\/wp-content\/uploads\/2022\/07\/Logo-iesp-uerj-azul.svg\",\"contentUrl\":\"https:\/\/iesp.uerj.br\/wp-content\/uploads\/2022\/07\/Logo-iesp-uerj-azul.svg\",\"caption\":\"IESP\"},\"image\":{\"@id\":\"\/#\/schema\/logo\/image\/\"}}]}<\/script>\n<!-- \/ Yoast SEO plugin. -->","yoast_head_json":{"title":"N\u00edsia Ver\u00f4nica Trindade Lima - IESP","robots":{"index":"index","follow":"follow","max-snippet":"max-snippet:-1","max-image-preview":"max-image-preview:large","max-video-preview":"max-video-preview:-1"},"canonical":"https:\/\/iesp.uerj.br\/en\/pesquisador\/nisia-veronica-trindade-lima\/","og_locale":"en_US","og_type":"article","og_title":"N\u00edsia Ver\u00f4nica Trindade Lima - IESP","og_description":"Graduada em Ci\u00eancias Sociais pela Universidade do Estado do Rio de janeiro, \u00e9 mestre em Ci\u00eancia Pol\u00edtica e doutora em Sociologia pelo Iuperj, atual Iesp\/Uerj. Recebeu dessa institui\u00e7\u00e3o o pr\u00eamio de melhor tese de doutorado em Sociologia, do qual resultou a publica\u00e7\u00e3o da primeira edi\u00e7\u00e3o de Um sert\u00e3o chamado Brasil (Revan\/Iuperj, 1999). O livro teve uma segunda edi\u00e7\u00e3o, revista e ampliada, em 2013 (S\u00e3o Paulo, Editora Hucitec, 2013). Tem experi\u00eancia em Sociologia, atuando principalmente na \u00e1rea de pensamento social no Brasil, com \u00eanfase nas rela\u00e7\u00f5es entre intelectuais e constru\u00e7\u00e3o do Estado Nacional e hist\u00f3ria do pensamento em sa\u00fade p\u00fablica. Coordenou,\u2026","og_url":"https:\/\/iesp.uerj.br\/en\/pesquisador\/nisia-veronica-trindade-lima\/","og_site_name":"IESP","article_modified_time":"2022-05-18T17:03:36+00:00","og_image":[{"width":421,"height":421,"url":"https:\/\/iesp.uerj.br\/wp-content\/uploads\/2019\/02\/image.png","type":"image\/png"}],"twitter_card":"summary_large_image","twitter_misc":{"Est. reading time":"1 minute"},"schema":{"@context":"https:\/\/schema.org","@graph":[{"@type":"WebPage","@id":"https:\/\/iesp.uerj.br\/en\/pesquisador\/nisia-veronica-trindade-lima\/","url":"https:\/\/iesp.uerj.br\/en\/pesquisador\/nisia-veronica-trindade-lima\/","name":"N\u00edsia Ver\u00f4nica Trindade Lima - IESP","isPartOf":{"@id":"\/#website"},"datePublished":"2021-06-25T21:04:42+00:00","dateModified":"2022-05-18T17:03:36+00:00","breadcrumb":{"@id":"https:\/\/iesp.uerj.br\/en\/pesquisador\/nisia-veronica-trindade-lima\/#breadcrumb"},"inLanguage":"en-US","potentialAction":[{"@type":"ReadAction","target":["https:\/\/iesp.uerj.br\/en\/pesquisador\/nisia-veronica-trindade-lima\/"]}]},{"@type":"BreadcrumbList","@id":"https:\/\/iesp.uerj.br\/en\/pesquisador\/nisia-veronica-trindade-lima\/#breadcrumb","itemListElement":[{"@type":"ListItem","position":1,"name":"In\u00edcio","item":"https:\/\/iesp.uerj.br\/en\/"},{"@type":"ListItem","position":2,"name":"N\u00edsia Ver\u00f4nica Trindade Lima"}]},{"@type":"WebSite","@id":"\/#website","url":"\/","name":"IESP","description":"Instituto de Estudos Sociais e Pol\u00edticos","publisher":{"@id":"\/#organization"},"potentialAction":[{"@type":"SearchAction","target":{"@type":"EntryPoint","urlTemplate":"\/?s={search_term_string}"},"query-input":"required name=search_term_string"}],"inLanguage":"en-US"},{"@type":"Organization","@id":"\/#organization","name":"IESP","url":"\/","logo":{"@type":"ImageObject","inLanguage":"en-US","@id":"\/#\/schema\/logo\/image\/","url":"https:\/\/iesp.uerj.br\/wp-content\/uploads\/2022\/07\/Logo-iesp-uerj-azul.svg","contentUrl":"https:\/\/iesp.uerj.br\/wp-content\/uploads\/2022\/07\/Logo-iesp-uerj-azul.svg","caption":"IESP"},"image":{"@id":"\/#\/schema\/logo\/image\/"}}]}},"_links":{"self":[{"href":"https:\/\/iesp.uerj.br\/en\/wp-json\/wp\/v2\/pesquisador\/9602"}],"collection":[{"href":"https:\/\/iesp.uerj.br\/en\/wp-json\/wp\/v2\/pesquisador"}],"about":[{"href":"https:\/\/iesp.uerj.br\/en\/wp-json\/wp\/v2\/types\/pesquisador"}],"wp:featuredmedia":[{"embeddable":true,"href":"https:\/\/iesp.uerj.br\/en\/wp-json\/wp\/v2\/media\/3941"}],"wp:attachment":[{"href":"https:\/\/iesp.uerj.br\/en\/wp-json\/wp\/v2\/media?parent=9602"}],"wp:term":[{"taxonomy":"vincula\u00e7\u00e3o","embeddable":true,"href":"https:\/\/iesp.uerj.br\/en\/wp-json\/wp\/v2\/vincula\u00e7\u00e3o?post=9602"},{"taxonomy":"area","embeddable":true,"href":"https:\/\/iesp.uerj.br\/en\/wp-json\/wp\/v2\/area?post=9602"},{"taxonomy":"cargo_diretoria","embeddable":true,"href":"https:\/\/iesp.uerj.br\/en\/wp-json\/wp\/v2\/cargo_diretoria?post=9602"}],"curies":[{"name":"wp","href":"https:\/\/api.w.org\/{rel}","templated":true}]}}

Nísia Verônica Trindade Lima

<p>Graduada em Ciências Sociais pela Universidade do Estado do Rio de janeiro, é mestre em Ciência Política e doutora em Sociologia pelo Iuperj, atual Iesp/Uerj. Recebeu dessa instituição o prêmio de melhor tese de doutorado em Sociologia, do qual resultou a publicação da primeira edição de Um sertão chamado Brasil (Revan/Iuperj, 1999). O livro teve uma segunda edição, revista e ampliada, em 2013 (São Paulo, Editora Hucitec, 2013).</p>
<p>Tem experiência em Sociologia, atuando principalmente na área de pensamento social no Brasil, com ênfase nas relações entre intelectuais e construção do Estado Nacional e história do pensamento em saúde pública. Coordenou, em colaboração com Angela Alonso, o GT Pensamento Social no Brasil, da Associação Nacional de Pós-Graduação e Pesquisa em Ciências Sociais, de 2011 a 2012. Nessa área de pesquisa coordena também, em colaboração com André Botelho, a Biblioteca Virtual do Pensamento Social.</p>
<p>É pesquisadora da Casa de Oswaldo Cruz/Fiocruz, desde 1987, professora do Programa de Pós-Graduação em História das Ciências e da Saúde e professora da Uerj desde 1991. Com forte experiência de gestão acadêmica e institucional, ocupa atualmente o cargo de Presidente da Fiocruz.</p>

<!-- This site is optimized with the Yoast SEO plugin v20.3 - https://yoast.com/wordpress/plugins/seo/ -->
<title>Nísia Verônica Trindade Lima - IESP</title>
<meta name="robots" content="index, follow, max-snippet:-1, max-image-preview:large, max-video-preview:-1" />
<link rel="canonical" href="https://iesp.uerj.br/en/pesquisador/nisia-veronica-trindade-lima/" />
<meta property="og:locale" content="en_US" />
<meta property="og:type" content="article" />
<meta property="og:title" content="Nísia Verônica Trindade Lima - IESP" />
<meta property="og:description" content="Graduada em Ciências Sociais pela Universidade do Estado do Rio de janeiro, é mestre em Ciência Política e doutora em Sociologia pelo Iuperj, atual Iesp/Uerj. Recebeu dessa instituição o prêmio de melhor tese de doutorado em Sociologia, do qual resultou a publicação da primeira edição de Um sertão chamado Brasil (Revan/Iuperj, 1999). O livro teve uma segunda edição, revista e ampliada, em 2013 (São Paulo, Editora Hucitec, 2013). Tem experiência em Sociologia, atuando principalmente na área de pensamento social no Brasil, com ênfase nas relações entre intelectuais e construção do Estado Nacional e história do pensamento em saúde pública. Coordenou,…" />
<meta property="og:url" content="https://iesp.uerj.br/en/pesquisador/nisia-veronica-trindade-lima/" />
<meta property="og:site_name" content="IESP" />
<meta property="article:modified_time" content="2022-05-18T17:03:36+00:00" />
<meta property="og:image" content="https://iesp.uerj.br/wp-content/uploads/2019/02/image.png" />
	<meta property="og:image:width" content="421" />
	<meta property="og:image:height" content="421" />
	<meta property="og:image:type" content="image/png" />
<meta name="twitter:card" content="summary_large_image" />
<meta name="twitter:label1" content="Est. reading time" />
	<meta name="twitter:data1" content="1 minute" />
<script type="application/ld+json" class="yoast-schema-graph">{"@context":"https://schema.org","@graph":[{"@type":"WebPage","@id":"https://iesp.uerj.br/en/pesquisador/nisia-veronica-trindade-lima/","url":"https://iesp.uerj.br/en/pesquisador/nisia-veronica-trindade-lima/","name":"Nísia Verônica Trindade Lima - IESP","isPartOf":{"@id":"/#website"},"datePublished":"2021-06-25T21:04:42+00:00","dateModified":"2022-05-18T17:03:36+00:00","breadcrumb":{"@id":"https://iesp.uerj.br/en/pesquisador/nisia-veronica-trindade-lima/#breadcrumb"},"inLanguage":"en-US","potentialAction":[{"@type":"ReadAction","target":["https://iesp.uerj.br/en/pesquisador/nisia-veronica-trindade-lima/"]}]},{"@type":"BreadcrumbList","@id":"https://iesp.uerj.br/en/pesquisador/nisia-veronica-trindade-lima/#breadcrumb","itemListElement":[{"@type":"ListItem","position":1,"name":"Início","item":"https://iesp.uerj.br/en/"},{"@type":"ListItem","position":2,"name":"Nísia Verônica Trindade Lima"}]},{"@type":"WebSite","@id":"/#website","url":"/","name":"IESP","description":"Instituto de Estudos Sociais e Políticos","publisher":{"@id":"/#organization"},"potentialAction":[{"@type":"SearchAction","target":{"@type":"EntryPoint","urlTemplate":"/?s={search_term_string}"},"query-input":"required name=search_term_string"}],"inLanguage":"en-US"},{"@type":"Organization","@id":"/#organization","name":"IESP","url":"/","logo":{"@type":"ImageObject","inLanguage":"en-US","@id":"/#/schema/logo/image/","url":"https://iesp.uerj.br/wp-content/uploads/2022/07/Logo-iesp-uerj-azul.svg","contentUrl":"https://iesp.uerj.br/wp-content/uploads/2022/07/Logo-iesp-uerj-azul.svg","caption":"IESP"},"image":{"@id":"/#/schema/logo/image/"}}]}</script>
<!-- / Yoast SEO plugin. -->

Nísia Verônica Trindade Lima - IESP

Graduada em Ciências Sociais pela Universidade do Estado do Rio de janeiro, é mestre em Ciência Política e doutora em Sociologia pelo Iuperj, atual Iesp/Uerj. Recebeu dessa instituição o prêmio de melhor tese de doutorado em Sociologia, do qual resultou a publicação da primeira edição de Um sertão chamado Brasil (Revan/Iuperj, 1999). O livro teve uma segunda edição, revista e ampliada, em 2013 (São Paulo, Editora Hucitec, 2013). Tem experiência em Sociologia, atuando principalmente na área de pensamento social no Brasil, com ênfase nas relações entre intelectuais e construção do Estado Nacional e história do pensamento em saúde pública. Coordenou,…

Início

Instituto de Estudos Sociais e Políticos

vinculação

https://iesp.uerj.br/en/wp-json/wp/v2/vinculação?post=9602
