{"id":9380,"date":"2021-06-23T13:16:32","date_gmt":"2021-06-23T16:16:32","guid":{"rendered":"https:\/\/iesp.bemvindo.co\/pesquisador\/licia-do-prado-valladares\/"},"modified":"2022-05-20T18:36:59","modified_gmt":"2022-05-20T21:36:59","slug":"licia-do-prado-valladares","status":"publish","type":"pesquisador","link":"https:\/\/iesp.uerj.br\/en\/pesquisador\/licia-do-prado-valladares\/","title":{"rendered":"L\u00edcia do Prado Valladares"},"content":{"rendered":"<p>Graduate in Sociology and Political Science from the Pontif\u00edcia Universidade Cat\u00f3lica do Rio de Janeiro (1967), she holds a PhD in Sociology from the Universit\u00e9 de Toulouse I (1974) and a HDR \u2013 Habilitation \u00e0 diriger des Recherches \u2013 from the Universit\u00e9 de Lyon 2 (2001). She is Emeritus Coordinator of URBANDATA and Professor at the University of Lille. She has experience in the area of Sociology, in particular in Urban Sociology, and works mainly in the following fields: favela, urban poverty, history of urban research in Brazil, Rio de Janeiro and housing policy in Brazil.<\/p>\n","protected":false},"featured_media":1487,"template":"","vincula\u00e7\u00e3o":[],"area":[],"cargo_diretoria":[],"blocksy_meta":{"styles_descriptor":{"styles":{"desktop":"","tablet":"","mobile":""},"google_fonts":[],"version":5}},"acf":[],"yoast_head":"<!-- This site is optimized with the Yoast SEO plugin v20.3 - https:\/\/yoast.com\/wordpress\/plugins\/seo\/ -->\n<title>L\u00edcia do Prado Valladares - IESP<\/title>\n<meta name=\"robots\" content=\"index, follow, max-snippet:-1, max-image-preview:large, max-video-preview:-1\" \/>\n<link rel=\"canonical\" href=\"https:\/\/iesp.uerj.br\/en\/pesquisador\/licia-do-prado-valladares\/\" \/>\n<meta property=\"og:locale\" content=\"en_US\" \/>\n<meta property=\"og:type\" content=\"article\" \/>\n<meta property=\"og:title\" content=\"L\u00edcia do Prado Valladares - IESP\" \/>\n<meta property=\"og:description\" content=\"Graduate in Sociology and Political Science from the Pontif\u00edcia Universidade Cat\u00f3lica do Rio de Janeiro (1967), she holds a PhD in Sociology from the Universit\u00e9 de Toulouse I (1974) and a HDR \u2013 Habilitation \u00e0 diriger des Recherches \u2013 from the Universit\u00e9 de Lyon 2 (2001). She is Emeritus Coordinator of URBANDATA and Professor at the University of Lille. She has experience in the area of Sociology, in particular in Urban Sociology, and works mainly in the following fields: favela, urban poverty, history of urban research in Brazil, Rio de Janeiro and housing policy in Brazil.\" \/>\n<meta property=\"og:url\" content=\"https:\/\/iesp.uerj.br\/en\/pesquisador\/licia-do-prado-valladares\/\" \/>\n<meta property=\"og:site_name\" content=\"IESP\" \/>\n<meta property=\"article:modified_time\" content=\"2022-05-20T21:36:59+00:00\" \/>\n<meta property=\"og:image\" content=\"https:\/\/iesp.uerj.br\/wp-content\/uploads\/2015\/05\/sem_foto_mulher.png\" \/>\n\t<meta property=\"og:image:width\" content=\"120\" \/>\n\t<meta property=\"og:image:height\" content=\"120\" \/>\n\t<meta property=\"og:image:type\" content=\"image\/png\" \/>\n<meta name=\"twitter:card\" content=\"summary_large_image\" \/>\n<script type=\"application\/ld+json\" class=\"yoast-schema-graph\">{\"@context\":\"https:\/\/schema.org\",\"@graph\":[{\"@type\":\"WebPage\",\"@id\":\"https:\/\/iesp.uerj.br\/en\/pesquisador\/licia-do-prado-valladares\/\",\"url\":\"https:\/\/iesp.uerj.br\/en\/pesquisador\/licia-do-prado-valladares\/\",\"name\":\"L\u00edcia do Prado Valladares - IESP\",\"isPartOf\":{\"@id\":\"\/#website\"},\"datePublished\":\"2021-06-23T16:16:32+00:00\",\"dateModified\":\"2022-05-20T21:36:59+00:00\",\"breadcrumb\":{\"@id\":\"https:\/\/iesp.uerj.br\/en\/pesquisador\/licia-do-prado-valladares\/#breadcrumb\"},\"inLanguage\":\"en-US\",\"potentialAction\":[{\"@type\":\"ReadAction\",\"target\":[\"https:\/\/iesp.uerj.br\/en\/pesquisador\/licia-do-prado-valladares\/\"]}]},{\"@type\":\"BreadcrumbList\",\"@id\":\"https:\/\/iesp.uerj.br\/en\/pesquisador\/licia-do-prado-valladares\/#breadcrumb\",\"itemListElement\":[{\"@type\":\"ListItem\",\"position\":1,\"name\":\"In\u00edcio\",\"item\":\"https:\/\/iesp.uerj.br\/en\/\"},{\"@type\":\"ListItem\",\"position\":2,\"name\":\"L\u00edcia do Prado Valladares\"}]},{\"@type\":\"WebSite\",\"@id\":\"\/#website\",\"url\":\"\/\",\"name\":\"IESP\",\"description\":\"Instituto de Estudos Sociais e Pol\u00edticos\",\"publisher\":{\"@id\":\"\/#organization\"},\"potentialAction\":[{\"@type\":\"SearchAction\",\"target\":{\"@type\":\"EntryPoint\",\"urlTemplate\":\"\/?s={search_term_string}\"},\"query-input\":\"required name=search_term_string\"}],\"inLanguage\":\"en-US\"},{\"@type\":\"Organization\",\"@id\":\"\/#organization\",\"name\":\"IESP\",\"url\":\"\/\",\"logo\":{\"@type\":\"ImageObject\",\"inLanguage\":\"en-US\",\"@id\":\"\/#\/schema\/logo\/image\/\",\"url\":\"https:\/\/iesp.uerj.br\/wp-content\/uploads\/2022\/07\/Logo-iesp-uerj-azul.svg\",\"contentUrl\":\"https:\/\/iesp.uerj.br\/wp-content\/uploads\/2022\/07\/Logo-iesp-uerj-azul.svg\",\"caption\":\"IESP\"},\"image\":{\"@id\":\"\/#\/schema\/logo\/image\/\"}}]}<\/script>\n<!-- \/ Yoast SEO plugin. -->","yoast_head_json":{"title":"L\u00edcia do Prado Valladares - IESP","robots":{"index":"index","follow":"follow","max-snippet":"max-snippet:-1","max-image-preview":"max-image-preview:large","max-video-preview":"max-video-preview:-1"},"canonical":"https:\/\/iesp.uerj.br\/en\/pesquisador\/licia-do-prado-valladares\/","og_locale":"en_US","og_type":"article","og_title":"L\u00edcia do Prado Valladares - IESP","og_description":"Graduate in Sociology and Political Science from the Pontif\u00edcia Universidade Cat\u00f3lica do Rio de Janeiro (1967), she holds a PhD in Sociology from the Universit\u00e9 de Toulouse I (1974) and a HDR \u2013 Habilitation \u00e0 diriger des Recherches \u2013 from the Universit\u00e9 de Lyon 2 (2001). She is Emeritus Coordinator of URBANDATA and Professor at the University of Lille. She has experience in the area of Sociology, in particular in Urban Sociology, and works mainly in the following fields: favela, urban poverty, history of urban research in Brazil, Rio de Janeiro and housing policy in Brazil.","og_url":"https:\/\/iesp.uerj.br\/en\/pesquisador\/licia-do-prado-valladares\/","og_site_name":"IESP","article_modified_time":"2022-05-20T21:36:59+00:00","og_image":[{"width":120,"height":120,"url":"https:\/\/iesp.uerj.br\/wp-content\/uploads\/2015\/05\/sem_foto_mulher.png","type":"image\/png"}],"twitter_card":"summary_large_image","schema":{"@context":"https:\/\/schema.org","@graph":[{"@type":"WebPage","@id":"https:\/\/iesp.uerj.br\/en\/pesquisador\/licia-do-prado-valladares\/","url":"https:\/\/iesp.uerj.br\/en\/pesquisador\/licia-do-prado-valladares\/","name":"L\u00edcia do Prado Valladares - IESP","isPartOf":{"@id":"\/#website"},"datePublished":"2021-06-23T16:16:32+00:00","dateModified":"2022-05-20T21:36:59+00:00","breadcrumb":{"@id":"https:\/\/iesp.uerj.br\/en\/pesquisador\/licia-do-prado-valladares\/#breadcrumb"},"inLanguage":"en-US","potentialAction":[{"@type":"ReadAction","target":["https:\/\/iesp.uerj.br\/en\/pesquisador\/licia-do-prado-valladares\/"]}]},{"@type":"BreadcrumbList","@id":"https:\/\/iesp.uerj.br\/en\/pesquisador\/licia-do-prado-valladares\/#breadcrumb","itemListElement":[{"@type":"ListItem","position":1,"name":"In\u00edcio","item":"https:\/\/iesp.uerj.br\/en\/"},{"@type":"ListItem","position":2,"name":"L\u00edcia do Prado Valladares"}]},{"@type":"WebSite","@id":"\/#website","url":"\/","name":"IESP","description":"Instituto de Estudos Sociais e Pol\u00edticos","publisher":{"@id":"\/#organization"},"potentialAction":[{"@type":"SearchAction","target":{"@type":"EntryPoint","urlTemplate":"\/?s={search_term_string}"},"query-input":"required name=search_term_string"}],"inLanguage":"en-US"},{"@type":"Organization","@id":"\/#organization","name":"IESP","url":"\/","logo":{"@type":"ImageObject","inLanguage":"en-US","@id":"\/#\/schema\/logo\/image\/","url":"https:\/\/iesp.uerj.br\/wp-content\/uploads\/2022\/07\/Logo-iesp-uerj-azul.svg","contentUrl":"https:\/\/iesp.uerj.br\/wp-content\/uploads\/2022\/07\/Logo-iesp-uerj-azul.svg","caption":"IESP"},"image":{"@id":"\/#\/schema\/logo\/image\/"}}]}},"_links":{"self":[{"href":"https:\/\/iesp.uerj.br\/en\/wp-json\/wp\/v2\/pesquisador\/9380"}],"collection":[{"href":"https:\/\/iesp.uerj.br\/en\/wp-json\/wp\/v2\/pesquisador"}],"about":[{"href":"https:\/\/iesp.uerj.br\/en\/wp-json\/wp\/v2\/types\/pesquisador"}],"wp:featuredmedia":[{"embeddable":true,"href":"https:\/\/iesp.uerj.br\/en\/wp-json\/wp\/v2\/media\/1487"}],"wp:attachment":[{"href":"https:\/\/iesp.uerj.br\/en\/wp-json\/wp\/v2\/media?parent=9380"}],"wp:term":[{"taxonomy":"vincula\u00e7\u00e3o","embeddable":true,"href":"https:\/\/iesp.uerj.br\/en\/wp-json\/wp\/v2\/vincula\u00e7\u00e3o?post=9380"},{"taxonomy":"area","embeddable":true,"href":"https:\/\/iesp.uerj.br\/en\/wp-json\/wp\/v2\/area?post=9380"},{"taxonomy":"cargo_diretoria","embeddable":true,"href":"https:\/\/iesp.uerj.br\/en\/wp-json\/wp\/v2\/cargo_diretoria?post=9380"}],"curies":[{"name":"wp","href":"https:\/\/api.w.org\/{rel}","templated":true}]}}

Lícia do Prado Valladares

<p>Graduate in Sociology and Political Science from the Pontifícia Universidade Católica do Rio de Janeiro (1967), she holds a PhD in Sociology from the Université de Toulouse I (1974) and a HDR – Habilitation à diriger des Recherches – from the Université de Lyon 2 (2001). She is Emeritus Coordinator of URBANDATA and Professor at the University of Lille. She has experience in the area of Sociology, in particular in Urban Sociology, and works mainly in the following fields: favela, urban poverty, history of urban research in Brazil, Rio de Janeiro and housing policy in Brazil.</p>

<!-- This site is optimized with the Yoast SEO plugin v20.3 - https://yoast.com/wordpress/plugins/seo/ -->
<title>Lícia do Prado Valladares - IESP</title>
<meta name="robots" content="index, follow, max-snippet:-1, max-image-preview:large, max-video-preview:-1" />
<link rel="canonical" href="https://iesp.uerj.br/en/pesquisador/licia-do-prado-valladares/" />
<meta property="og:locale" content="en_US" />
<meta property="og:type" content="article" />
<meta property="og:title" content="Lícia do Prado Valladares - IESP" />
<meta property="og:description" content="Graduate in Sociology and Political Science from the Pontifícia Universidade Católica do Rio de Janeiro (1967), she holds a PhD in Sociology from the Université de Toulouse I (1974) and a HDR – Habilitation à diriger des Recherches – from the Université de Lyon 2 (2001). She is Emeritus Coordinator of URBANDATA and Professor at the University of Lille. She has experience in the area of Sociology, in particular in Urban Sociology, and works mainly in the following fields: favela, urban poverty, history of urban research in Brazil, Rio de Janeiro and housing policy in Brazil." />
<meta property="og:url" content="https://iesp.uerj.br/en/pesquisador/licia-do-prado-valladares/" />
<meta property="og:site_name" content="IESP" />
<meta property="article:modified_time" content="2022-05-20T21:36:59+00:00" />
<meta property="og:image" content="https://iesp.uerj.br/wp-content/uploads/2015/05/sem_foto_mulher.png" />
	<meta property="og:image:width" content="120" />
	<meta property="og:image:height" content="120" />
	<meta property="og:image:type" content="image/png" />
<meta name="twitter:card" content="summary_large_image" />
<script type="application/ld+json" class="yoast-schema-graph">{"@context":"https://schema.org","@graph":[{"@type":"WebPage","@id":"https://iesp.uerj.br/en/pesquisador/licia-do-prado-valladares/","url":"https://iesp.uerj.br/en/pesquisador/licia-do-prado-valladares/","name":"Lícia do Prado Valladares - IESP","isPartOf":{"@id":"/#website"},"datePublished":"2021-06-23T16:16:32+00:00","dateModified":"2022-05-20T21:36:59+00:00","breadcrumb":{"@id":"https://iesp.uerj.br/en/pesquisador/licia-do-prado-valladares/#breadcrumb"},"inLanguage":"en-US","potentialAction":[{"@type":"ReadAction","target":["https://iesp.uerj.br/en/pesquisador/licia-do-prado-valladares/"]}]},{"@type":"BreadcrumbList","@id":"https://iesp.uerj.br/en/pesquisador/licia-do-prado-valladares/#breadcrumb","itemListElement":[{"@type":"ListItem","position":1,"name":"Início","item":"https://iesp.uerj.br/en/"},{"@type":"ListItem","position":2,"name":"Lícia do Prado Valladares"}]},{"@type":"WebSite","@id":"/#website","url":"/","name":"IESP","description":"Instituto de Estudos Sociais e Políticos","publisher":{"@id":"/#organization"},"potentialAction":[{"@type":"SearchAction","target":{"@type":"EntryPoint","urlTemplate":"/?s={search_term_string}"},"query-input":"required name=search_term_string"}],"inLanguage":"en-US"},{"@type":"Organization","@id":"/#organization","name":"IESP","url":"/","logo":{"@type":"ImageObject","inLanguage":"en-US","@id":"/#/schema/logo/image/","url":"https://iesp.uerj.br/wp-content/uploads/2022/07/Logo-iesp-uerj-azul.svg","contentUrl":"https://iesp.uerj.br/wp-content/uploads/2022/07/Logo-iesp-uerj-azul.svg","caption":"IESP"},"image":{"@id":"/#/schema/logo/image/"}}]}</script>
<!-- / Yoast SEO plugin. -->

Lícia do Prado Valladares - IESP

Graduate in Sociology and Political Science from the Pontifícia Universidade Católica do Rio de Janeiro (1967), she holds a PhD in Sociology from the Université de Toulouse I (1974) and a HDR – Habilitation à diriger des Recherches – from the Université de Lyon 2 (2001). She is Emeritus Coordinator of URBANDATA and Professor at the University of Lille. She has experience in the area of Sociology, in particular in Urban Sociology, and works mainly in the following fields: favela, urban poverty, history of urban research in Brazil, Rio de Janeiro and housing policy in Brazil.

Início

Instituto de Estudos Sociais e Políticos

vinculação

https://iesp.uerj.br/en/wp-json/wp/v2/vinculação?post=9380
