{"id":160037,"date":"2023-04-12T18:40:39","date_gmt":"2023-04-12T21:40:39","guid":{"rendered":"https:\/\/iesp.uerj.br\/pesquisador\/marcella-araujo\/"},"modified":"2025-03-20T00:06:41","modified_gmt":"2025-03-20T03:06:41","slug":"marcella-araujo","status":"publish","type":"pesquisador","link":"https:\/\/iesp.uerj.br\/en\/pesquisador\/marcella-araujo\/","title":{"rendered":"Marcella Araujo"},"content":{"rendered":"\n<p>Doutora em Sociologia pelo IESP-UERJ, com bolsa Faperj Nota 10 e est\u00e1gio doutoral no Center for Latin American Studies da Universidade de Chicago (<a href=\"https:\/\/www.uchicago.edu\/research\/center\/center_for_latin_american_studies\">CLAS<\/a>), \u00e9 professora permanente do Programa de P\u00f3s Gradua\u00e7\u00e3o em Sociologia do Instituto e professora adjunta do Departamento de Sociologia da Universidade Federal do Rio de Janeiro (<a href=\"https:\/\/ifcs.ufrj.br\/departamento-de-sociologia\/\">DS\/IFCS-UFRJ<\/a>). Coordena o <a href=\"http:\/\/urbanolab.net.br\/\">Urbano &#8211; Laborat\u00f3rio de Estudos da Cidade<\/a> e \u00e9 pesquisadora associada do <a href=\"http:\/\/grupocasa.iesp.uerj.br\/\">Grupo Casa<\/a>. <\/p>\n\n\n\n<p>Recebeu men\u00e7\u00e3o honrosa no concurso de Teses e Disserta\u00e7\u00f5es da Anpocs &#8211; 2018. Realizou consultorias para pol\u00edticas urbanas, como os programas UPP Social (2011-2012), Morar Carioca (2012-2014) e Minha Casa Minha Vida (2016 e 2017). Com <a href=\"https:\/\/iesp.uerj.br\/en\/pesquisador\/mariana-cavalcanti-rocha-dos-santos\/\">Mariana Cavalcanti<\/a> e <a href=\"https:\/\/iesp.uerj.br\/pesquisador\/eugenia-de-souza-mello-guimaraes-motta\/\">Eug\u00eania Motta<\/a>, organizou o livro <em>O mundo popular: trabalho e condi\u00e7\u00f5es de vida<\/em> (<a href=\"https:\/\/papeisselvagens.com.br\/produto\/o-mundo-popular-trabalho-e-condicoes-de-vida\/\">Pap\u00e9is Selvagens, 2018<\/a>), colet\u00e2nea de textos de sociologia econ\u00f4mica e do trabalho de Luiz Antonio Machado da Silva. Dedica-se \u00e0 Sociologia Urbana, com \u00eanfase em estudos sobre casa, obras, processos de urbaniza\u00e7\u00e3o, informalidade e infraestruturas urbanas.<\/p>\n","protected":false},"featured_media":151947,"template":"","vincula\u00e7\u00e3o":[69],"area":[82],"cargo_diretoria":[],"blocksy_meta":{"styles_descriptor":{"styles":{"desktop":"","tablet":"","mobile":""},"google_fonts":[],"version":5}},"acf":[],"yoast_head":"<!-- This site is optimized with the Yoast SEO plugin v20.3 - https:\/\/yoast.com\/wordpress\/plugins\/seo\/ -->\n<title>Marcella Araujo - IESP<\/title>\n<meta name=\"robots\" content=\"index, follow, max-snippet:-1, max-image-preview:large, max-video-preview:-1\" \/>\n<link rel=\"canonical\" href=\"https:\/\/iesp.uerj.br\/en\/pesquisador\/marcella-araujo\/\" \/>\n<meta property=\"og:locale\" content=\"en_US\" \/>\n<meta property=\"og:type\" content=\"article\" \/>\n<meta property=\"og:title\" content=\"Marcella Araujo - IESP\" \/>\n<meta property=\"og:description\" content=\"Doutora em Sociologia pelo IESP-UERJ, com bolsa Faperj Nota 10 e est\u00e1gio doutoral no Center for Latin American Studies da Universidade de Chicago (CLAS), \u00e9 professora permanente do Programa de P\u00f3s Gradua\u00e7\u00e3o em Sociologia do Instituto e professora adjunta do Departamento de Sociologia da Universidade Federal do Rio de Janeiro (DS\/IFCS-UFRJ). Coordena o Urbano &#8211; Laborat\u00f3rio de Estudos da Cidade e \u00e9 pesquisadora associada do Grupo Casa. Recebeu men\u00e7\u00e3o honrosa no concurso de Teses e Disserta\u00e7\u00f5es da Anpocs &#8211; 2018. Realizou consultorias para pol\u00edticas urbanas, como os programas UPP Social (2011-2012), Morar Carioca (2012-2014) e Minha Casa Minha Vida (2016\u2026\" \/>\n<meta property=\"og:url\" content=\"https:\/\/iesp.uerj.br\/en\/pesquisador\/marcella-araujo\/\" \/>\n<meta property=\"og:site_name\" content=\"IESP\" \/>\n<meta property=\"article:modified_time\" content=\"2025-03-20T03:06:41+00:00\" \/>\n<meta property=\"og:image\" content=\"https:\/\/iesp.uerj.br\/wp-content\/uploads\/2023\/04\/pesquisador-1.png\" \/>\n\t<meta property=\"og:image:width\" content=\"1080\" \/>\n\t<meta property=\"og:image:height\" content=\"1080\" \/>\n\t<meta property=\"og:image:type\" content=\"image\/png\" \/>\n<meta name=\"twitter:card\" content=\"summary_large_image\" \/>\n<meta name=\"twitter:label1\" content=\"Est. reading time\" \/>\n\t<meta name=\"twitter:data1\" content=\"1 minute\" \/>\n<script type=\"application\/ld+json\" class=\"yoast-schema-graph\">{\"@context\":\"https:\/\/schema.org\",\"@graph\":[{\"@type\":\"WebPage\",\"@id\":\"https:\/\/iesp.uerj.br\/en\/pesquisador\/marcella-araujo\/\",\"url\":\"https:\/\/iesp.uerj.br\/en\/pesquisador\/marcella-araujo\/\",\"name\":\"Marcella Araujo - IESP\",\"isPartOf\":{\"@id\":\"\/#website\"},\"datePublished\":\"2023-04-12T21:40:39+00:00\",\"dateModified\":\"2025-03-20T03:06:41+00:00\",\"breadcrumb\":{\"@id\":\"https:\/\/iesp.uerj.br\/en\/pesquisador\/marcella-araujo\/#breadcrumb\"},\"inLanguage\":\"en-US\",\"potentialAction\":[{\"@type\":\"ReadAction\",\"target\":[\"https:\/\/iesp.uerj.br\/en\/pesquisador\/marcella-araujo\/\"]}]},{\"@type\":\"BreadcrumbList\",\"@id\":\"https:\/\/iesp.uerj.br\/en\/pesquisador\/marcella-araujo\/#breadcrumb\",\"itemListElement\":[{\"@type\":\"ListItem\",\"position\":1,\"name\":\"In\u00edcio\",\"item\":\"https:\/\/iesp.uerj.br\/en\/\"},{\"@type\":\"ListItem\",\"position\":2,\"name\":\"Marcella Araujo\"}]},{\"@type\":\"WebSite\",\"@id\":\"\/#website\",\"url\":\"\/\",\"name\":\"IESP\",\"description\":\"Instituto de Estudos Sociais e Pol\u00edticos\",\"publisher\":{\"@id\":\"\/#organization\"},\"potentialAction\":[{\"@type\":\"SearchAction\",\"target\":{\"@type\":\"EntryPoint\",\"urlTemplate\":\"\/?s={search_term_string}\"},\"query-input\":\"required name=search_term_string\"}],\"inLanguage\":\"en-US\"},{\"@type\":\"Organization\",\"@id\":\"\/#organization\",\"name\":\"IESP\",\"url\":\"\/\",\"logo\":{\"@type\":\"ImageObject\",\"inLanguage\":\"en-US\",\"@id\":\"\/#\/schema\/logo\/image\/\",\"url\":\"https:\/\/iesp.uerj.br\/wp-content\/uploads\/2022\/07\/Logo-iesp-uerj-azul.svg\",\"contentUrl\":\"https:\/\/iesp.uerj.br\/wp-content\/uploads\/2022\/07\/Logo-iesp-uerj-azul.svg\",\"caption\":\"IESP\"},\"image\":{\"@id\":\"\/#\/schema\/logo\/image\/\"}}]}<\/script>\n<!-- \/ Yoast SEO plugin. -->","yoast_head_json":{"title":"Marcella Araujo - IESP","robots":{"index":"index","follow":"follow","max-snippet":"max-snippet:-1","max-image-preview":"max-image-preview:large","max-video-preview":"max-video-preview:-1"},"canonical":"https:\/\/iesp.uerj.br\/en\/pesquisador\/marcella-araujo\/","og_locale":"en_US","og_type":"article","og_title":"Marcella Araujo - IESP","og_description":"Doutora em Sociologia pelo IESP-UERJ, com bolsa Faperj Nota 10 e est\u00e1gio doutoral no Center for Latin American Studies da Universidade de Chicago (CLAS), \u00e9 professora permanente do Programa de P\u00f3s Gradua\u00e7\u00e3o em Sociologia do Instituto e professora adjunta do Departamento de Sociologia da Universidade Federal do Rio de Janeiro (DS\/IFCS-UFRJ). Coordena o Urbano &#8211; Laborat\u00f3rio de Estudos da Cidade e \u00e9 pesquisadora associada do Grupo Casa. Recebeu men\u00e7\u00e3o honrosa no concurso de Teses e Disserta\u00e7\u00f5es da Anpocs &#8211; 2018. Realizou consultorias para pol\u00edticas urbanas, como os programas UPP Social (2011-2012), Morar Carioca (2012-2014) e Minha Casa Minha Vida (2016\u2026","og_url":"https:\/\/iesp.uerj.br\/en\/pesquisador\/marcella-araujo\/","og_site_name":"IESP","article_modified_time":"2025-03-20T03:06:41+00:00","og_image":[{"width":1080,"height":1080,"url":"https:\/\/iesp.uerj.br\/wp-content\/uploads\/2023\/04\/pesquisador-1.png","type":"image\/png"}],"twitter_card":"summary_large_image","twitter_misc":{"Est. reading time":"1 minute"},"schema":{"@context":"https:\/\/schema.org","@graph":[{"@type":"WebPage","@id":"https:\/\/iesp.uerj.br\/en\/pesquisador\/marcella-araujo\/","url":"https:\/\/iesp.uerj.br\/en\/pesquisador\/marcella-araujo\/","name":"Marcella Araujo - IESP","isPartOf":{"@id":"\/#website"},"datePublished":"2023-04-12T21:40:39+00:00","dateModified":"2025-03-20T03:06:41+00:00","breadcrumb":{"@id":"https:\/\/iesp.uerj.br\/en\/pesquisador\/marcella-araujo\/#breadcrumb"},"inLanguage":"en-US","potentialAction":[{"@type":"ReadAction","target":["https:\/\/iesp.uerj.br\/en\/pesquisador\/marcella-araujo\/"]}]},{"@type":"BreadcrumbList","@id":"https:\/\/iesp.uerj.br\/en\/pesquisador\/marcella-araujo\/#breadcrumb","itemListElement":[{"@type":"ListItem","position":1,"name":"In\u00edcio","item":"https:\/\/iesp.uerj.br\/en\/"},{"@type":"ListItem","position":2,"name":"Marcella Araujo"}]},{"@type":"WebSite","@id":"\/#website","url":"\/","name":"IESP","description":"Instituto de Estudos Sociais e Pol\u00edticos","publisher":{"@id":"\/#organization"},"potentialAction":[{"@type":"SearchAction","target":{"@type":"EntryPoint","urlTemplate":"\/?s={search_term_string}"},"query-input":"required name=search_term_string"}],"inLanguage":"en-US"},{"@type":"Organization","@id":"\/#organization","name":"IESP","url":"\/","logo":{"@type":"ImageObject","inLanguage":"en-US","@id":"\/#\/schema\/logo\/image\/","url":"https:\/\/iesp.uerj.br\/wp-content\/uploads\/2022\/07\/Logo-iesp-uerj-azul.svg","contentUrl":"https:\/\/iesp.uerj.br\/wp-content\/uploads\/2022\/07\/Logo-iesp-uerj-azul.svg","caption":"IESP"},"image":{"@id":"\/#\/schema\/logo\/image\/"}}]}},"_links":{"self":[{"href":"https:\/\/iesp.uerj.br\/en\/wp-json\/wp\/v2\/pesquisador\/160037"}],"collection":[{"href":"https:\/\/iesp.uerj.br\/en\/wp-json\/wp\/v2\/pesquisador"}],"about":[{"href":"https:\/\/iesp.uerj.br\/en\/wp-json\/wp\/v2\/types\/pesquisador"}],"wp:featuredmedia":[{"embeddable":true,"href":"https:\/\/iesp.uerj.br\/en\/wp-json\/wp\/v2\/media\/151947"}],"wp:attachment":[{"href":"https:\/\/iesp.uerj.br\/en\/wp-json\/wp\/v2\/media?parent=160037"}],"wp:term":[{"taxonomy":"vincula\u00e7\u00e3o","embeddable":true,"href":"https:\/\/iesp.uerj.br\/en\/wp-json\/wp\/v2\/vincula\u00e7\u00e3o?post=160037"},{"taxonomy":"area","embeddable":true,"href":"https:\/\/iesp.uerj.br\/en\/wp-json\/wp\/v2\/area?post=160037"},{"taxonomy":"cargo_diretoria","embeddable":true,"href":"https:\/\/iesp.uerj.br\/en\/wp-json\/wp\/v2\/cargo_diretoria?post=160037"}],"curies":[{"name":"wp","href":"https:\/\/api.w.org\/{rel}","templated":true}]}}

<p>Doutora em Sociologia pelo IESP-UERJ, com bolsa Faperj Nota 10 e estágio doutoral no Center for Latin American Studies da Universidade de Chicago (<a href="https://www.uchicago.edu/research/center/center_for_latin_american_studies">CLAS</a>), é professora permanente do Programa de Pós Graduação em Sociologia do Instituto e professora adjunta do Departamento de Sociologia da Universidade Federal do Rio de Janeiro (<a href="https://ifcs.ufrj.br/departamento-de-sociologia/">DS/IFCS-UFRJ</a>). Coordena o <a href="http://urbanolab.net.br/">Urbano &#8211; Laboratório de Estudos da Cidade</a> e é pesquisadora associada do <a href="http://grupocasa.iesp.uerj.br/">Grupo Casa</a>. </p>



<p>Recebeu menção honrosa no concurso de Teses e Dissertações da Anpocs &#8211; 2018. Realizou consultorias para políticas urbanas, como os programas UPP Social (2011-2012), Morar Carioca (2012-2014) e Minha Casa Minha Vida (2016 e 2017). Com <a href="https://iesp.uerj.br/en/pesquisador/mariana-cavalcanti-rocha-dos-santos/">Mariana Cavalcanti</a> e <a href="https://iesp.uerj.br/pesquisador/eugenia-de-souza-mello-guimaraes-motta/">Eugênia Motta</a>, organizou o livro <em>O mundo popular: trabalho e condições de vida</em> (<a href="https://papeisselvagens.com.br/produto/o-mundo-popular-trabalho-e-condicoes-de-vida/">Papéis Selvagens, 2018</a>), coletânea de textos de sociologia econômica e do trabalho de Luiz Antonio Machado da Silva. Dedica-se à Sociologia Urbana, com ênfase em estudos sobre casa, obras, processos de urbanização, informalidade e infraestruturas urbanas.</p>

<!-- This site is optimized with the Yoast SEO plugin v20.3 - https://yoast.com/wordpress/plugins/seo/ -->
<title>Marcella Araujo - IESP</title>
<meta name="robots" content="index, follow, max-snippet:-1, max-image-preview:large, max-video-preview:-1" />
<link rel="canonical" href="https://iesp.uerj.br/en/pesquisador/marcella-araujo/" />
<meta property="og:locale" content="en_US" />
<meta property="og:type" content="article" />
<meta property="og:title" content="Marcella Araujo - IESP" />
<meta property="og:description" content="Doutora em Sociologia pelo IESP-UERJ, com bolsa Faperj Nota 10 e estágio doutoral no Center for Latin American Studies da Universidade de Chicago (CLAS), é professora permanente do Programa de Pós Graduação em Sociologia do Instituto e professora adjunta do Departamento de Sociologia da Universidade Federal do Rio de Janeiro (DS/IFCS-UFRJ). Coordena o Urbano &#8211; Laboratório de Estudos da Cidade e é pesquisadora associada do Grupo Casa. Recebeu menção honrosa no concurso de Teses e Dissertações da Anpocs &#8211; 2018. Realizou consultorias para políticas urbanas, como os programas UPP Social (2011-2012), Morar Carioca (2012-2014) e Minha Casa Minha Vida (2016…" />
<meta property="og:url" content="https://iesp.uerj.br/en/pesquisador/marcella-araujo/" />
<meta property="og:site_name" content="IESP" />
<meta property="article:modified_time" content="2025-03-20T03:06:41+00:00" />
<meta property="og:image" content="https://iesp.uerj.br/wp-content/uploads/2023/04/pesquisador-1.png" />
	<meta property="og:image:width" content="1080" />
	<meta property="og:image:height" content="1080" />
	<meta property="og:image:type" content="image/png" />
<meta name="twitter:card" content="summary_large_image" />
<meta name="twitter:label1" content="Est. reading time" />
	<meta name="twitter:data1" content="1 minute" />
<script type="application/ld+json" class="yoast-schema-graph">{"@context":"https://schema.org","@graph":[{"@type":"WebPage","@id":"https://iesp.uerj.br/en/pesquisador/marcella-araujo/","url":"https://iesp.uerj.br/en/pesquisador/marcella-araujo/","name":"Marcella Araujo - IESP","isPartOf":{"@id":"/#website"},"datePublished":"2023-04-12T21:40:39+00:00","dateModified":"2025-03-20T03:06:41+00:00","breadcrumb":{"@id":"https://iesp.uerj.br/en/pesquisador/marcella-araujo/#breadcrumb"},"inLanguage":"en-US","potentialAction":[{"@type":"ReadAction","target":["https://iesp.uerj.br/en/pesquisador/marcella-araujo/"]}]},{"@type":"BreadcrumbList","@id":"https://iesp.uerj.br/en/pesquisador/marcella-araujo/#breadcrumb","itemListElement":[{"@type":"ListItem","position":1,"name":"Início","item":"https://iesp.uerj.br/en/"},{"@type":"ListItem","position":2,"name":"Marcella Araujo"}]},{"@type":"WebSite","@id":"/#website","url":"/","name":"IESP","description":"Instituto de Estudos Sociais e Políticos","publisher":{"@id":"/#organization"},"potentialAction":[{"@type":"SearchAction","target":{"@type":"EntryPoint","urlTemplate":"/?s={search_term_string}"},"query-input":"required name=search_term_string"}],"inLanguage":"en-US"},{"@type":"Organization","@id":"/#organization","name":"IESP","url":"/","logo":{"@type":"ImageObject","inLanguage":"en-US","@id":"/#/schema/logo/image/","url":"https://iesp.uerj.br/wp-content/uploads/2022/07/Logo-iesp-uerj-azul.svg","contentUrl":"https://iesp.uerj.br/wp-content/uploads/2022/07/Logo-iesp-uerj-azul.svg","caption":"IESP"},"image":{"@id":"/#/schema/logo/image/"}}]}</script>
<!-- / Yoast SEO plugin. -->

Doutora em Sociologia pelo IESP-UERJ, com bolsa Faperj Nota 10 e estágio doutoral no Center for Latin American Studies da Universidade de Chicago (CLAS), é professora permanente do Programa de Pós Graduação em Sociologia do Instituto e professora adjunta do Departamento de Sociologia da Universidade Federal do Rio de Janeiro (DS/IFCS-UFRJ). Coordena o Urbano &#8211; Laboratório de Estudos da Cidade e é pesquisadora associada do Grupo Casa. Recebeu menção honrosa no concurso de Teses e Dissertações da Anpocs &#8211; 2018. Realizou consultorias para políticas urbanas, como os programas UPP Social (2011-2012), Morar Carioca (2012-2014) e Minha Casa Minha Vida (2016…

Início

Instituto de Estudos Sociais e Políticos

vinculação

https://iesp.uerj.br/en/wp-json/wp/v2/vinculação?post=160037
