{"id":151028,"date":"2023-01-05T15:38:58","date_gmt":"2023-01-05T18:38:58","guid":{"rendered":"https:\/\/iesp.uerj.br\/pesquisador\/diogo-ives-2\/"},"modified":"2023-01-23T12:12:00","modified_gmt":"2023-01-23T15:12:00","slug":"diogo-ives-2","status":"publish","type":"pesquisador","link":"https:\/\/iesp.uerj.br\/en\/pesquisador\/diogo-ives-2\/","title":{"rendered":"Diogo Ives"},"content":{"rendered":"\n<p>PhD in Political Science from IESP-UERJ, Master in Political Science from UFRGS and BA in International Relations from UFRGS, Diogo Ives de Quadros is currently a researcher and deputy coordinator at the South American Political Observatory (<a href=\"http:\/\/opsa.com.br\/\">OPSA<\/a>) and also a researcher at the Interdisciplinary Observatory on Climate Change (<a href=\"http:\/\/obsinterclima.eco.br\/\">OIMC<\/a>), both based at IESP-UERJ. Also acts as part of the IESP-UERJ research and coordination teams in the project &#8220;Polycentric governance, climate change and sustainable development in the Pan-Amazon&#8221;, <a href=\"https:\/\/iesp.uerj.br\/pesquisadores-do-iesp-uerj-foram-contemplados-pelo-edital-iniciativa-amazonia10\/\">within the scope of the Amazon Initiative+10<\/a>, organized by the National Council of State Foundations for Research Support (<a href=\"https:\/\/confap.org.br\/\" target=\"_blank\" rel=\"noreferrer noopener\">CONFAP<\/a>).<\/p>\n\n\n\n<p><\/p>\n\n\n\n<p>Previously a visiting researcher at <a href=\"https:\/\/www.sciencespo.fr\/en\/\">Sciences Po Paris<\/a> (2020), professor of International Relations at Centro Universit\u00e1rio La Salle-RJ (<a href=\"https:\/\/www.unilasalle.edu.br\/rj\">Unilasalle-RJ<\/a>, 2018-2019), editor of the journals <a href=\"http:\/\/latsul.org\/home-2\/conjuntura-latitude-sul\/\">Conjuntura Latitude Sul<\/a> (2018-2019) and <a href=\"http:\/\/opsa.com.br\/boletim-opsa\/\">Boletim OPSA<\/a> (2018-2020) and researcher at Brazilian Center for Strategy and International Relations at UFRGS (<a href=\"https:\/\/www.ufrgs.br\/nerint\/20-anos\/\">NERINT-UFRGS<\/a>, 2011-2015). Has published in journals such as Boletim OPSA, Media\u00e7\u00f5es, Oikos, Brazilian Journal of International Relations, Conjuntura Austral, Miss\u00f5es, Inter(A\u00e7\u00e3o) e Perspectiva, as well as chapters in books. Works in the following areas of interest: Latin American international relations, foreign policy analysis, dependency theory, critical theory, environmental issues.<\/p>\n\n\n\n<p><\/p>\n","protected":false},"featured_media":150257,"template":"","vincula\u00e7\u00e3o":[2],"area":[78],"cargo_diretoria":[],"blocksy_meta":{"styles_descriptor":{"styles":{"desktop":"","tablet":"","mobile":""},"google_fonts":[],"version":5}},"acf":[],"yoast_head":"<!-- This site is optimized with the Yoast SEO plugin v20.3 - https:\/\/yoast.com\/wordpress\/plugins\/seo\/ -->\n<title>Diogo Ives - IESP<\/title>\n<meta name=\"robots\" content=\"index, follow, max-snippet:-1, max-image-preview:large, max-video-preview:-1\" \/>\n<link rel=\"canonical\" href=\"https:\/\/iesp.uerj.br\/en\/pesquisador\/diogo-ives-2\/\" \/>\n<meta property=\"og:locale\" content=\"en_US\" \/>\n<meta property=\"og:type\" content=\"article\" \/>\n<meta property=\"og:title\" content=\"Diogo Ives - IESP\" \/>\n<meta property=\"og:description\" content=\"PhD in Political Science from IESP-UERJ, Master in Political Science from UFRGS and BA in International Relations from UFRGS, Diogo Ives de Quadros is currently a researcher and deputy coordinator at the South American Political Observatory (OPSA) and also a researcher at the Interdisciplinary Observatory on Climate Change (OIMC), both based at IESP-UERJ. Also acts as part of the IESP-UERJ research and coordination teams in the project &#8220;Polycentric governance, climate change and sustainable development in the Pan-Amazon&#8221;, within the scope of the Amazon Initiative+10, organized by the National Council of State Foundations for Research Support (CONFAP). Previously a visiting researcher\u2026\" \/>\n<meta property=\"og:url\" content=\"https:\/\/iesp.uerj.br\/en\/pesquisador\/diogo-ives-2\/\" \/>\n<meta property=\"og:site_name\" content=\"IESP\" \/>\n<meta property=\"article:modified_time\" content=\"2023-01-23T15:12:00+00:00\" \/>\n<meta property=\"og:image\" content=\"https:\/\/iesp.uerj.br\/wp-content\/uploads\/2023\/01\/Linkedin-2-Diogo-Ives-de-Quadros.jpeg\" \/>\n\t<meta property=\"og:image:width\" content=\"553\" \/>\n\t<meta property=\"og:image:height\" content=\"553\" \/>\n\t<meta property=\"og:image:type\" content=\"image\/jpeg\" \/>\n<meta name=\"twitter:card\" content=\"summary_large_image\" \/>\n<meta name=\"twitter:label1\" content=\"Est. reading time\" \/>\n\t<meta name=\"twitter:data1\" content=\"1 minute\" \/>\n<script type=\"application\/ld+json\" class=\"yoast-schema-graph\">{\"@context\":\"https:\/\/schema.org\",\"@graph\":[{\"@type\":\"WebPage\",\"@id\":\"https:\/\/iesp.uerj.br\/en\/pesquisador\/diogo-ives-2\/\",\"url\":\"https:\/\/iesp.uerj.br\/en\/pesquisador\/diogo-ives-2\/\",\"name\":\"Diogo Ives - IESP\",\"isPartOf\":{\"@id\":\"\/#website\"},\"datePublished\":\"2023-01-05T18:38:58+00:00\",\"dateModified\":\"2023-01-23T15:12:00+00:00\",\"breadcrumb\":{\"@id\":\"https:\/\/iesp.uerj.br\/en\/pesquisador\/diogo-ives-2\/#breadcrumb\"},\"inLanguage\":\"en-US\",\"potentialAction\":[{\"@type\":\"ReadAction\",\"target\":[\"https:\/\/iesp.uerj.br\/en\/pesquisador\/diogo-ives-2\/\"]}]},{\"@type\":\"BreadcrumbList\",\"@id\":\"https:\/\/iesp.uerj.br\/en\/pesquisador\/diogo-ives-2\/#breadcrumb\",\"itemListElement\":[{\"@type\":\"ListItem\",\"position\":1,\"name\":\"In\u00edcio\",\"item\":\"https:\/\/iesp.uerj.br\/en\/\"},{\"@type\":\"ListItem\",\"position\":2,\"name\":\"Diogo Ives\"}]},{\"@type\":\"WebSite\",\"@id\":\"\/#website\",\"url\":\"\/\",\"name\":\"IESP\",\"description\":\"Instituto de Estudos Sociais e Pol\u00edticos\",\"publisher\":{\"@id\":\"\/#organization\"},\"potentialAction\":[{\"@type\":\"SearchAction\",\"target\":{\"@type\":\"EntryPoint\",\"urlTemplate\":\"\/?s={search_term_string}\"},\"query-input\":\"required name=search_term_string\"}],\"inLanguage\":\"en-US\"},{\"@type\":\"Organization\",\"@id\":\"\/#organization\",\"name\":\"IESP\",\"url\":\"\/\",\"logo\":{\"@type\":\"ImageObject\",\"inLanguage\":\"en-US\",\"@id\":\"\/#\/schema\/logo\/image\/\",\"url\":\"https:\/\/iesp.uerj.br\/wp-content\/uploads\/2022\/07\/Logo-iesp-uerj-azul.svg\",\"contentUrl\":\"https:\/\/iesp.uerj.br\/wp-content\/uploads\/2022\/07\/Logo-iesp-uerj-azul.svg\",\"caption\":\"IESP\"},\"image\":{\"@id\":\"\/#\/schema\/logo\/image\/\"}}]}<\/script>\n<!-- \/ Yoast SEO plugin. -->","yoast_head_json":{"title":"Diogo Ives - IESP","robots":{"index":"index","follow":"follow","max-snippet":"max-snippet:-1","max-image-preview":"max-image-preview:large","max-video-preview":"max-video-preview:-1"},"canonical":"https:\/\/iesp.uerj.br\/en\/pesquisador\/diogo-ives-2\/","og_locale":"en_US","og_type":"article","og_title":"Diogo Ives - IESP","og_description":"PhD in Political Science from IESP-UERJ, Master in Political Science from UFRGS and BA in International Relations from UFRGS, Diogo Ives de Quadros is currently a researcher and deputy coordinator at the South American Political Observatory (OPSA) and also a researcher at the Interdisciplinary Observatory on Climate Change (OIMC), both based at IESP-UERJ. Also acts as part of the IESP-UERJ research and coordination teams in the project &#8220;Polycentric governance, climate change and sustainable development in the Pan-Amazon&#8221;, within the scope of the Amazon Initiative+10, organized by the National Council of State Foundations for Research Support (CONFAP). Previously a visiting researcher\u2026","og_url":"https:\/\/iesp.uerj.br\/en\/pesquisador\/diogo-ives-2\/","og_site_name":"IESP","article_modified_time":"2023-01-23T15:12:00+00:00","og_image":[{"width":553,"height":553,"url":"https:\/\/iesp.uerj.br\/wp-content\/uploads\/2023\/01\/Linkedin-2-Diogo-Ives-de-Quadros.jpeg","type":"image\/jpeg"}],"twitter_card":"summary_large_image","twitter_misc":{"Est. reading time":"1 minute"},"schema":{"@context":"https:\/\/schema.org","@graph":[{"@type":"WebPage","@id":"https:\/\/iesp.uerj.br\/en\/pesquisador\/diogo-ives-2\/","url":"https:\/\/iesp.uerj.br\/en\/pesquisador\/diogo-ives-2\/","name":"Diogo Ives - IESP","isPartOf":{"@id":"\/#website"},"datePublished":"2023-01-05T18:38:58+00:00","dateModified":"2023-01-23T15:12:00+00:00","breadcrumb":{"@id":"https:\/\/iesp.uerj.br\/en\/pesquisador\/diogo-ives-2\/#breadcrumb"},"inLanguage":"en-US","potentialAction":[{"@type":"ReadAction","target":["https:\/\/iesp.uerj.br\/en\/pesquisador\/diogo-ives-2\/"]}]},{"@type":"BreadcrumbList","@id":"https:\/\/iesp.uerj.br\/en\/pesquisador\/diogo-ives-2\/#breadcrumb","itemListElement":[{"@type":"ListItem","position":1,"name":"In\u00edcio","item":"https:\/\/iesp.uerj.br\/en\/"},{"@type":"ListItem","position":2,"name":"Diogo Ives"}]},{"@type":"WebSite","@id":"\/#website","url":"\/","name":"IESP","description":"Instituto de Estudos Sociais e Pol\u00edticos","publisher":{"@id":"\/#organization"},"potentialAction":[{"@type":"SearchAction","target":{"@type":"EntryPoint","urlTemplate":"\/?s={search_term_string}"},"query-input":"required name=search_term_string"}],"inLanguage":"en-US"},{"@type":"Organization","@id":"\/#organization","name":"IESP","url":"\/","logo":{"@type":"ImageObject","inLanguage":"en-US","@id":"\/#\/schema\/logo\/image\/","url":"https:\/\/iesp.uerj.br\/wp-content\/uploads\/2022\/07\/Logo-iesp-uerj-azul.svg","contentUrl":"https:\/\/iesp.uerj.br\/wp-content\/uploads\/2022\/07\/Logo-iesp-uerj-azul.svg","caption":"IESP"},"image":{"@id":"\/#\/schema\/logo\/image\/"}}]}},"_links":{"self":[{"href":"https:\/\/iesp.uerj.br\/en\/wp-json\/wp\/v2\/pesquisador\/151028"}],"collection":[{"href":"https:\/\/iesp.uerj.br\/en\/wp-json\/wp\/v2\/pesquisador"}],"about":[{"href":"https:\/\/iesp.uerj.br\/en\/wp-json\/wp\/v2\/types\/pesquisador"}],"wp:featuredmedia":[{"embeddable":true,"href":"https:\/\/iesp.uerj.br\/en\/wp-json\/wp\/v2\/media\/150257"}],"wp:attachment":[{"href":"https:\/\/iesp.uerj.br\/en\/wp-json\/wp\/v2\/media?parent=151028"}],"wp:term":[{"taxonomy":"vincula\u00e7\u00e3o","embeddable":true,"href":"https:\/\/iesp.uerj.br\/en\/wp-json\/wp\/v2\/vincula\u00e7\u00e3o?post=151028"},{"taxonomy":"area","embeddable":true,"href":"https:\/\/iesp.uerj.br\/en\/wp-json\/wp\/v2\/area?post=151028"},{"taxonomy":"cargo_diretoria","embeddable":true,"href":"https:\/\/iesp.uerj.br\/en\/wp-json\/wp\/v2\/cargo_diretoria?post=151028"}],"curies":[{"name":"wp","href":"https:\/\/api.w.org\/{rel}","templated":true}]}}

<p>PhD in Political Science from IESP-UERJ, Master in Political Science from UFRGS and BA in International Relations from UFRGS, Diogo Ives de Quadros is currently a researcher and deputy coordinator at the South American Political Observatory (<a href="http://opsa.com.br/">OPSA</a>) and also a researcher at the Interdisciplinary Observatory on Climate Change (<a href="http://obsinterclima.eco.br/">OIMC</a>), both based at IESP-UERJ. Also acts as part of the IESP-UERJ research and coordination teams in the project &#8220;Polycentric governance, climate change and sustainable development in the Pan-Amazon&#8221;, <a href="https://iesp.uerj.br/pesquisadores-do-iesp-uerj-foram-contemplados-pelo-edital-iniciativa-amazonia10/">within the scope of the Amazon Initiative+10</a>, organized by the National Council of State Foundations for Research Support (<a href="https://confap.org.br/" target="_blank" rel="noreferrer noopener">CONFAP</a>).</p>



<p></p>



<p>Previously a visiting researcher at <a href="https://www.sciencespo.fr/en/">Sciences Po Paris</a> (2020), professor of International Relations at Centro Universitário La Salle-RJ (<a href="https://www.unilasalle.edu.br/rj">Unilasalle-RJ</a>, 2018-2019), editor of the journals <a href="http://latsul.org/home-2/conjuntura-latitude-sul/">Conjuntura Latitude Sul</a> (2018-2019) and <a href="http://opsa.com.br/boletim-opsa/">Boletim OPSA</a> (2018-2020) and researcher at Brazilian Center for Strategy and International Relations at UFRGS (<a href="https://www.ufrgs.br/nerint/20-anos/">NERINT-UFRGS</a>, 2011-2015). Has published in journals such as Boletim OPSA, Mediações, Oikos, Brazilian Journal of International Relations, Conjuntura Austral, Missões, Inter(Ação) e Perspectiva, as well as chapters in books. Works in the following areas of interest: Latin American international relations, foreign policy analysis, dependency theory, critical theory, environmental issues.</p>



<p></p>

<!-- This site is optimized with the Yoast SEO plugin v20.3 - https://yoast.com/wordpress/plugins/seo/ -->
<title>Diogo Ives - IESP</title>
<meta name="robots" content="index, follow, max-snippet:-1, max-image-preview:large, max-video-preview:-1" />
<link rel="canonical" href="https://iesp.uerj.br/en/pesquisador/diogo-ives-2/" />
<meta property="og:locale" content="en_US" />
<meta property="og:type" content="article" />
<meta property="og:title" content="Diogo Ives - IESP" />
<meta property="og:description" content="PhD in Political Science from IESP-UERJ, Master in Political Science from UFRGS and BA in International Relations from UFRGS, Diogo Ives de Quadros is currently a researcher and deputy coordinator at the South American Political Observatory (OPSA) and also a researcher at the Interdisciplinary Observatory on Climate Change (OIMC), both based at IESP-UERJ. Also acts as part of the IESP-UERJ research and coordination teams in the project &#8220;Polycentric governance, climate change and sustainable development in the Pan-Amazon&#8221;, within the scope of the Amazon Initiative+10, organized by the National Council of State Foundations for Research Support (CONFAP). Previously a visiting researcher…" />
<meta property="og:url" content="https://iesp.uerj.br/en/pesquisador/diogo-ives-2/" />
<meta property="og:site_name" content="IESP" />
<meta property="article:modified_time" content="2023-01-23T15:12:00+00:00" />
<meta property="og:image" content="https://iesp.uerj.br/wp-content/uploads/2023/01/Linkedin-2-Diogo-Ives-de-Quadros.jpeg" />
	<meta property="og:image:width" content="553" />
	<meta property="og:image:height" content="553" />
	<meta property="og:image:type" content="image/jpeg" />
<meta name="twitter:card" content="summary_large_image" />
<meta name="twitter:label1" content="Est. reading time" />
	<meta name="twitter:data1" content="1 minute" />
<script type="application/ld+json" class="yoast-schema-graph">{"@context":"https://schema.org","@graph":[{"@type":"WebPage","@id":"https://iesp.uerj.br/en/pesquisador/diogo-ives-2/","url":"https://iesp.uerj.br/en/pesquisador/diogo-ives-2/","name":"Diogo Ives - IESP","isPartOf":{"@id":"/#website"},"datePublished":"2023-01-05T18:38:58+00:00","dateModified":"2023-01-23T15:12:00+00:00","breadcrumb":{"@id":"https://iesp.uerj.br/en/pesquisador/diogo-ives-2/#breadcrumb"},"inLanguage":"en-US","potentialAction":[{"@type":"ReadAction","target":["https://iesp.uerj.br/en/pesquisador/diogo-ives-2/"]}]},{"@type":"BreadcrumbList","@id":"https://iesp.uerj.br/en/pesquisador/diogo-ives-2/#breadcrumb","itemListElement":[{"@type":"ListItem","position":1,"name":"Início","item":"https://iesp.uerj.br/en/"},{"@type":"ListItem","position":2,"name":"Diogo Ives"}]},{"@type":"WebSite","@id":"/#website","url":"/","name":"IESP","description":"Instituto de Estudos Sociais e Políticos","publisher":{"@id":"/#organization"},"potentialAction":[{"@type":"SearchAction","target":{"@type":"EntryPoint","urlTemplate":"/?s={search_term_string}"},"query-input":"required name=search_term_string"}],"inLanguage":"en-US"},{"@type":"Organization","@id":"/#organization","name":"IESP","url":"/","logo":{"@type":"ImageObject","inLanguage":"en-US","@id":"/#/schema/logo/image/","url":"https://iesp.uerj.br/wp-content/uploads/2022/07/Logo-iesp-uerj-azul.svg","contentUrl":"https://iesp.uerj.br/wp-content/uploads/2022/07/Logo-iesp-uerj-azul.svg","caption":"IESP"},"image":{"@id":"/#/schema/logo/image/"}}]}</script>
<!-- / Yoast SEO plugin. -->

Início

Instituto de Estudos Sociais e Políticos

vinculação

https://iesp.uerj.br/en/wp-json/wp/v2/vinculação?post=151028
