{"id":154686,"date":"2023-12-06T15:12:01","date_gmt":"2023-12-06T18:12:01","guid":{"rendered":"https:\/\/iesp.uerj.br\/?post_type=livro&#038;p=154686"},"modified":"2023-12-06T15:13:15","modified_gmt":"2023-12-06T18:13:15","slug":"acao-afirmativa-na-pos-graduacao-os-desafios-da-expansao-de-uma-politica-de-inclusao","status":"publish","type":"livro","link":"https:\/\/iesp.uerj.br\/en\/livro\/acao-afirmativa-na-pos-graduacao-os-desafios-da-expansao-de-uma-politica-de-inclusao\/","title":{"rendered":"A\u00e7\u00e3o afirmativa na p\u00f3s-gradua\u00e7\u00e3o: os desafios da expans\u00e3o de uma pol\u00edtica de inclus\u00e3o"},"content":{"rendered":"\n<h3>Anna Carolina Venturini<\/h3>\n\n\n\n<p>Diferente do \u00e2mbito da gradua\u00e7\u00e3o, n\u00e3o h\u00e1 uma lei federal que regulamente a\u00e7\u00f5es afirmativas para p\u00f3s-gradua\u00e7\u00e3o no Brasil, de modo que tais pol\u00edticas t\u00eam sido criadas de forma aut\u00f4noma por cada programa, ou institu\u00eddas por leis estaduais, ou resolu\u00e7\u00f5es dos conselhos universit\u00e1rios aplic\u00e1veis a todos os programas de uma universidade. Este livro amplia o debate acad\u00eamico acerca do processo de cria\u00e7\u00e3o de pol\u00edticas de inclus\u00e3o pelos programas de p\u00f3s-gradua\u00e7\u00e3o stricto sensu de universidades p\u00fablicas brasileiras, com base no per\u00edodo de janeiro de 2002 a janeiro de 2018.<\/p>\n\n\n\n<p>O resultado da iniciativa \u00e9 uma an\u00e1lise de natureza multidisciplinar que observa o processo de cria\u00e7\u00e3o da pol\u00edtica p\u00fablica de a\u00e7\u00e3o afirmativa no campo da p\u00f3s-gradua\u00e7\u00e3o, seus atores e motiva\u00e7\u00f5es. Empreitada, de cunho amplo, contempla desde a entrada dessas pol\u00edticas na agenda das universidades at\u00e9 a difus\u00e3o pelo sistema universit\u00e1rio do Brasil. A obra tamb\u00e9m investiga fatores que explicam a ades\u00e3o de alguns programas de p\u00f3s-gradua\u00e7\u00e3o em contraposi\u00e7\u00e3o a outros que n\u00e3o o fizeram; e examina de que maneira a cria\u00e7\u00e3o de a\u00e7\u00f5es afirmativas modificou o processo de sele\u00e7\u00e3o tradicional realizado pelos programas de p\u00f3s-gradua\u00e7\u00e3o.<\/p>\n","protected":false},"featured_media":154687,"template":"","blocksy_meta":{"styles_descriptor":{"styles":{"desktop":"","tablet":"","mobile":""},"google_fonts":[],"version":5}},"acf":[],"yoast_head":"<!-- This site is optimized with the Yoast SEO plugin v20.3 - https:\/\/yoast.com\/wordpress\/plugins\/seo\/ -->\n<title>A\u00e7\u00e3o afirmativa na p\u00f3s-gradua\u00e7\u00e3o: os desafios da expans\u00e3o de uma pol\u00edtica de inclus\u00e3o - IESP<\/title>\n<meta name=\"robots\" content=\"index, follow, max-snippet:-1, max-image-preview:large, max-video-preview:-1\" \/>\n<link rel=\"canonical\" href=\"https:\/\/iesp.uerj.br\/livro\/acao-afirmativa-na-pos-graduacao-os-desafios-da-expansao-de-uma-politica-de-inclusao\/\" \/>\n<meta property=\"og:locale\" content=\"en_US\" \/>\n<meta property=\"og:type\" content=\"article\" \/>\n<meta property=\"og:title\" content=\"A\u00e7\u00e3o afirmativa na p\u00f3s-gradua\u00e7\u00e3o: os desafios da expans\u00e3o de uma pol\u00edtica de inclus\u00e3o - IESP\" \/>\n<meta property=\"og:description\" content=\"Anna Carolina Venturini Diferente do \u00e2mbito da gradua\u00e7\u00e3o, n\u00e3o h\u00e1 uma lei federal que regulamente a\u00e7\u00f5es afirmativas para p\u00f3s-gradua\u00e7\u00e3o no Brasil, de modo que tais pol\u00edticas t\u00eam sido criadas de forma aut\u00f4noma por cada programa, ou institu\u00eddas por leis estaduais, ou resolu\u00e7\u00f5es dos conselhos universit\u00e1rios aplic\u00e1veis a todos os programas de uma universidade. Este livro amplia o debate acad\u00eamico acerca do processo de cria\u00e7\u00e3o de pol\u00edticas de inclus\u00e3o pelos programas de p\u00f3s-gradua\u00e7\u00e3o stricto sensu de universidades p\u00fablicas brasileiras, com base no per\u00edodo de janeiro de 2002 a janeiro de 2018. O resultado da iniciativa \u00e9 uma an\u00e1lise de natureza multidisciplinar\u2026\" \/>\n<meta property=\"og:url\" content=\"https:\/\/iesp.uerj.br\/livro\/acao-afirmativa-na-pos-graduacao-os-desafios-da-expansao-de-uma-politica-de-inclusao\/\" \/>\n<meta property=\"og:site_name\" content=\"IESP\" \/>\n<meta property=\"article:modified_time\" content=\"2023-12-06T18:13:15+00:00\" \/>\n<meta property=\"og:image\" content=\"https:\/\/iesp.uerj.br\/wp-content\/uploads\/2023\/12\/iespeduerj_venturini.webp\" \/>\n\t<meta property=\"og:image:width\" content=\"461\" \/>\n\t<meta property=\"og:image:height\" content=\"717\" \/>\n\t<meta property=\"og:image:type\" content=\"image\/webp\" \/>\n<meta name=\"twitter:card\" content=\"summary_large_image\" \/>\n<meta name=\"twitter:label1\" content=\"Est. reading time\" \/>\n\t<meta name=\"twitter:data1\" content=\"2 minutes\" \/>\n<script type=\"application\/ld+json\" class=\"yoast-schema-graph\">{\"@context\":\"https:\/\/schema.org\",\"@graph\":[{\"@type\":\"WebPage\",\"@id\":\"https:\/\/iesp.uerj.br\/livro\/acao-afirmativa-na-pos-graduacao-os-desafios-da-expansao-de-uma-politica-de-inclusao\/\",\"url\":\"https:\/\/iesp.uerj.br\/livro\/acao-afirmativa-na-pos-graduacao-os-desafios-da-expansao-de-uma-politica-de-inclusao\/\",\"name\":\"A\u00e7\u00e3o afirmativa na p\u00f3s-gradua\u00e7\u00e3o: os desafios da expans\u00e3o de uma pol\u00edtica de inclus\u00e3o - IESP\",\"isPartOf\":{\"@id\":\"\/#website\"},\"datePublished\":\"2023-12-06T18:12:01+00:00\",\"dateModified\":\"2023-12-06T18:13:15+00:00\",\"breadcrumb\":{\"@id\":\"https:\/\/iesp.uerj.br\/livro\/acao-afirmativa-na-pos-graduacao-os-desafios-da-expansao-de-uma-politica-de-inclusao\/#breadcrumb\"},\"inLanguage\":\"en-US\",\"potentialAction\":[{\"@type\":\"ReadAction\",\"target\":[\"https:\/\/iesp.uerj.br\/livro\/acao-afirmativa-na-pos-graduacao-os-desafios-da-expansao-de-uma-politica-de-inclusao\/\"]}]},{\"@type\":\"BreadcrumbList\",\"@id\":\"https:\/\/iesp.uerj.br\/livro\/acao-afirmativa-na-pos-graduacao-os-desafios-da-expansao-de-uma-politica-de-inclusao\/#breadcrumb\",\"itemListElement\":[{\"@type\":\"ListItem\",\"position\":1,\"name\":\"In\u00edcio\",\"item\":\"https:\/\/iesp.uerj.br\/en\/\"},{\"@type\":\"ListItem\",\"position\":2,\"name\":\"A\u00e7\u00e3o afirmativa na p\u00f3s-gradua\u00e7\u00e3o: os desafios da expans\u00e3o de uma pol\u00edtica de inclus\u00e3o\"}]},{\"@type\":\"WebSite\",\"@id\":\"\/#website\",\"url\":\"\/\",\"name\":\"IESP\",\"description\":\"Instituto de Estudos Sociais e Pol\u00edticos\",\"publisher\":{\"@id\":\"\/#organization\"},\"potentialAction\":[{\"@type\":\"SearchAction\",\"target\":{\"@type\":\"EntryPoint\",\"urlTemplate\":\"\/?s={search_term_string}\"},\"query-input\":\"required name=search_term_string\"}],\"inLanguage\":\"en-US\"},{\"@type\":\"Organization\",\"@id\":\"\/#organization\",\"name\":\"IESP\",\"url\":\"\/\",\"logo\":{\"@type\":\"ImageObject\",\"inLanguage\":\"en-US\",\"@id\":\"\/#\/schema\/logo\/image\/\",\"url\":\"https:\/\/iesp.uerj.br\/wp-content\/uploads\/2022\/07\/Logo-iesp-uerj-azul.svg\",\"contentUrl\":\"https:\/\/iesp.uerj.br\/wp-content\/uploads\/2022\/07\/Logo-iesp-uerj-azul.svg\",\"caption\":\"IESP\"},\"image\":{\"@id\":\"\/#\/schema\/logo\/image\/\"}}]}<\/script>\n<!-- \/ Yoast SEO plugin. -->","yoast_head_json":{"title":"A\u00e7\u00e3o afirmativa na p\u00f3s-gradua\u00e7\u00e3o: os desafios da expans\u00e3o de uma pol\u00edtica de inclus\u00e3o - IESP","robots":{"index":"index","follow":"follow","max-snippet":"max-snippet:-1","max-image-preview":"max-image-preview:large","max-video-preview":"max-video-preview:-1"},"canonical":"https:\/\/iesp.uerj.br\/livro\/acao-afirmativa-na-pos-graduacao-os-desafios-da-expansao-de-uma-politica-de-inclusao\/","og_locale":"en_US","og_type":"article","og_title":"A\u00e7\u00e3o afirmativa na p\u00f3s-gradua\u00e7\u00e3o: os desafios da expans\u00e3o de uma pol\u00edtica de inclus\u00e3o - IESP","og_description":"Anna Carolina Venturini Diferente do \u00e2mbito da gradua\u00e7\u00e3o, n\u00e3o h\u00e1 uma lei federal que regulamente a\u00e7\u00f5es afirmativas para p\u00f3s-gradua\u00e7\u00e3o no Brasil, de modo que tais pol\u00edticas t\u00eam sido criadas de forma aut\u00f4noma por cada programa, ou institu\u00eddas por leis estaduais, ou resolu\u00e7\u00f5es dos conselhos universit\u00e1rios aplic\u00e1veis a todos os programas de uma universidade. Este livro amplia o debate acad\u00eamico acerca do processo de cria\u00e7\u00e3o de pol\u00edticas de inclus\u00e3o pelos programas de p\u00f3s-gradua\u00e7\u00e3o stricto sensu de universidades p\u00fablicas brasileiras, com base no per\u00edodo de janeiro de 2002 a janeiro de 2018. O resultado da iniciativa \u00e9 uma an\u00e1lise de natureza multidisciplinar\u2026","og_url":"https:\/\/iesp.uerj.br\/livro\/acao-afirmativa-na-pos-graduacao-os-desafios-da-expansao-de-uma-politica-de-inclusao\/","og_site_name":"IESP","article_modified_time":"2023-12-06T18:13:15+00:00","og_image":[{"width":461,"height":717,"url":"https:\/\/iesp.uerj.br\/wp-content\/uploads\/2023\/12\/iespeduerj_venturini.webp","type":"image\/webp"}],"twitter_card":"summary_large_image","twitter_misc":{"Est. reading time":"2 minutes"},"schema":{"@context":"https:\/\/schema.org","@graph":[{"@type":"WebPage","@id":"https:\/\/iesp.uerj.br\/livro\/acao-afirmativa-na-pos-graduacao-os-desafios-da-expansao-de-uma-politica-de-inclusao\/","url":"https:\/\/iesp.uerj.br\/livro\/acao-afirmativa-na-pos-graduacao-os-desafios-da-expansao-de-uma-politica-de-inclusao\/","name":"A\u00e7\u00e3o afirmativa na p\u00f3s-gradua\u00e7\u00e3o: os desafios da expans\u00e3o de uma pol\u00edtica de inclus\u00e3o - IESP","isPartOf":{"@id":"\/#website"},"datePublished":"2023-12-06T18:12:01+00:00","dateModified":"2023-12-06T18:13:15+00:00","breadcrumb":{"@id":"https:\/\/iesp.uerj.br\/livro\/acao-afirmativa-na-pos-graduacao-os-desafios-da-expansao-de-uma-politica-de-inclusao\/#breadcrumb"},"inLanguage":"en-US","potentialAction":[{"@type":"ReadAction","target":["https:\/\/iesp.uerj.br\/livro\/acao-afirmativa-na-pos-graduacao-os-desafios-da-expansao-de-uma-politica-de-inclusao\/"]}]},{"@type":"BreadcrumbList","@id":"https:\/\/iesp.uerj.br\/livro\/acao-afirmativa-na-pos-graduacao-os-desafios-da-expansao-de-uma-politica-de-inclusao\/#breadcrumb","itemListElement":[{"@type":"ListItem","position":1,"name":"In\u00edcio","item":"https:\/\/iesp.uerj.br\/en\/"},{"@type":"ListItem","position":2,"name":"A\u00e7\u00e3o afirmativa na p\u00f3s-gradua\u00e7\u00e3o: os desafios da expans\u00e3o de uma pol\u00edtica de inclus\u00e3o"}]},{"@type":"WebSite","@id":"\/#website","url":"\/","name":"IESP","description":"Instituto de Estudos Sociais e Pol\u00edticos","publisher":{"@id":"\/#organization"},"potentialAction":[{"@type":"SearchAction","target":{"@type":"EntryPoint","urlTemplate":"\/?s={search_term_string}"},"query-input":"required name=search_term_string"}],"inLanguage":"en-US"},{"@type":"Organization","@id":"\/#organization","name":"IESP","url":"\/","logo":{"@type":"ImageObject","inLanguage":"en-US","@id":"\/#\/schema\/logo\/image\/","url":"https:\/\/iesp.uerj.br\/wp-content\/uploads\/2022\/07\/Logo-iesp-uerj-azul.svg","contentUrl":"https:\/\/iesp.uerj.br\/wp-content\/uploads\/2022\/07\/Logo-iesp-uerj-azul.svg","caption":"IESP"},"image":{"@id":"\/#\/schema\/logo\/image\/"}}]}},"_links":{"self":[{"href":"https:\/\/iesp.uerj.br\/en\/wp-json\/wp\/v2\/livro\/154686"}],"collection":[{"href":"https:\/\/iesp.uerj.br\/en\/wp-json\/wp\/v2\/livro"}],"about":[{"href":"https:\/\/iesp.uerj.br\/en\/wp-json\/wp\/v2\/types\/livro"}],"wp:featuredmedia":[{"embeddable":true,"href":"https:\/\/iesp.uerj.br\/en\/wp-json\/wp\/v2\/media\/154687"}],"wp:attachment":[{"href":"https:\/\/iesp.uerj.br\/en\/wp-json\/wp\/v2\/media?parent=154686"}],"curies":[{"name":"wp","href":"https:\/\/api.w.org\/{rel}","templated":true}]}}

Ação afirmativa na pós-graduação: os desafios da expansão de uma política de inclusão

<h3>Anna Carolina Venturini</h3>



<p>Diferente do âmbito da graduação, não há uma lei federal que regulamente ações afirmativas para pós-graduação no Brasil, de modo que tais políticas têm sido criadas de forma autônoma por cada programa, ou instituídas por leis estaduais, ou resoluções dos conselhos universitários aplicáveis a todos os programas de uma universidade. Este livro amplia o debate acadêmico acerca do processo de criação de políticas de inclusão pelos programas de pós-graduação stricto sensu de universidades públicas brasileiras, com base no período de janeiro de 2002 a janeiro de 2018.</p>



<p>O resultado da iniciativa é uma análise de natureza multidisciplinar que observa o processo de criação da política pública de ação afirmativa no campo da pós-graduação, seus atores e motivações. Empreitada, de cunho amplo, contempla desde a entrada dessas políticas na agenda das universidades até a difusão pelo sistema universitário do Brasil. A obra também investiga fatores que explicam a adesão de alguns programas de pós-graduação em contraposição a outros que não o fizeram; e examina de que maneira a criação de ações afirmativas modificou o processo de seleção tradicional realizado pelos programas de pós-graduação.</p>

<!-- This site is optimized with the Yoast SEO plugin v20.3 - https://yoast.com/wordpress/plugins/seo/ -->
<title>Ação afirmativa na pós-graduação: os desafios da expansão de uma política de inclusão - IESP</title>
<meta name="robots" content="index, follow, max-snippet:-1, max-image-preview:large, max-video-preview:-1" />
<link rel="canonical" href="https://iesp.uerj.br/livro/acao-afirmativa-na-pos-graduacao-os-desafios-da-expansao-de-uma-politica-de-inclusao/" />
<meta property="og:locale" content="en_US" />
<meta property="og:type" content="article" />
<meta property="og:title" content="Ação afirmativa na pós-graduação: os desafios da expansão de uma política de inclusão - IESP" />
<meta property="og:description" content="Anna Carolina Venturini Diferente do âmbito da graduação, não há uma lei federal que regulamente ações afirmativas para pós-graduação no Brasil, de modo que tais políticas têm sido criadas de forma autônoma por cada programa, ou instituídas por leis estaduais, ou resoluções dos conselhos universitários aplicáveis a todos os programas de uma universidade. Este livro amplia o debate acadêmico acerca do processo de criação de políticas de inclusão pelos programas de pós-graduação stricto sensu de universidades públicas brasileiras, com base no período de janeiro de 2002 a janeiro de 2018. O resultado da iniciativa é uma análise de natureza multidisciplinar…" />
<meta property="og:url" content="https://iesp.uerj.br/livro/acao-afirmativa-na-pos-graduacao-os-desafios-da-expansao-de-uma-politica-de-inclusao/" />
<meta property="og:site_name" content="IESP" />
<meta property="article:modified_time" content="2023-12-06T18:13:15+00:00" />
<meta property="og:image" content="https://iesp.uerj.br/wp-content/uploads/2023/12/iespeduerj_venturini.webp" />
	<meta property="og:image:width" content="461" />
	<meta property="og:image:height" content="717" />
	<meta property="og:image:type" content="image/webp" />
<meta name="twitter:card" content="summary_large_image" />
<meta name="twitter:label1" content="Est. reading time" />
	<meta name="twitter:data1" content="2 minutes" />
<script type="application/ld+json" class="yoast-schema-graph">{"@context":"https://schema.org","@graph":[{"@type":"WebPage","@id":"https://iesp.uerj.br/livro/acao-afirmativa-na-pos-graduacao-os-desafios-da-expansao-de-uma-politica-de-inclusao/","url":"https://iesp.uerj.br/livro/acao-afirmativa-na-pos-graduacao-os-desafios-da-expansao-de-uma-politica-de-inclusao/","name":"Ação afirmativa na pós-graduação: os desafios da expansão de uma política de inclusão - IESP","isPartOf":{"@id":"/#website"},"datePublished":"2023-12-06T18:12:01+00:00","dateModified":"2023-12-06T18:13:15+00:00","breadcrumb":{"@id":"https://iesp.uerj.br/livro/acao-afirmativa-na-pos-graduacao-os-desafios-da-expansao-de-uma-politica-de-inclusao/#breadcrumb"},"inLanguage":"en-US","potentialAction":[{"@type":"ReadAction","target":["https://iesp.uerj.br/livro/acao-afirmativa-na-pos-graduacao-os-desafios-da-expansao-de-uma-politica-de-inclusao/"]}]},{"@type":"BreadcrumbList","@id":"https://iesp.uerj.br/livro/acao-afirmativa-na-pos-graduacao-os-desafios-da-expansao-de-uma-politica-de-inclusao/#breadcrumb","itemListElement":[{"@type":"ListItem","position":1,"name":"Início","item":"https://iesp.uerj.br/en/"},{"@type":"ListItem","position":2,"name":"Ação afirmativa na pós-graduação: os desafios da expansão de uma política de inclusão"}]},{"@type":"WebSite","@id":"/#website","url":"/","name":"IESP","description":"Instituto de Estudos Sociais e Políticos","publisher":{"@id":"/#organization"},"potentialAction":[{"@type":"SearchAction","target":{"@type":"EntryPoint","urlTemplate":"/?s={search_term_string}"},"query-input":"required name=search_term_string"}],"inLanguage":"en-US"},{"@type":"Organization","@id":"/#organization","name":"IESP","url":"/","logo":{"@type":"ImageObject","inLanguage":"en-US","@id":"/#/schema/logo/image/","url":"https://iesp.uerj.br/wp-content/uploads/2022/07/Logo-iesp-uerj-azul.svg","contentUrl":"https://iesp.uerj.br/wp-content/uploads/2022/07/Logo-iesp-uerj-azul.svg","caption":"IESP"},"image":{"@id":"/#/schema/logo/image/"}}]}</script>
<!-- / Yoast SEO plugin. -->

Ação afirmativa na pós-graduação: os desafios da expansão de uma política de inclusão - IESP

Anna Carolina Venturini Diferente do âmbito da graduação, não há uma lei federal que regulamente ações afirmativas para pós-graduação no Brasil, de modo que tais políticas têm sido criadas de forma autônoma por cada programa, ou instituídas por leis estaduais, ou resoluções dos conselhos universitários aplicáveis a todos os programas de uma universidade. Este livro amplia o debate acadêmico acerca do processo de criação de políticas de inclusão pelos programas de pós-graduação stricto sensu de universidades públicas brasileiras, com base no período de janeiro de 2002 a janeiro de 2018. O resultado da iniciativa é uma análise de natureza multidisciplinar…

Início

Instituto de Estudos Sociais e Políticos
